{"id":419,"date":"2026-04-02T18:21:09","date_gmt":"2026-04-02T17:21:09","guid":{"rendered":"https:\/\/gorzow.pttk.pl\/?page_id=419"},"modified":"2026-04-13T19:21:37","modified_gmt":"2026-04-13T18:21:37","slug":"czlonkowstwo-skladki","status":"publish","type":"page","link":"https:\/\/gorzow.pttk.pl\/index.php\/czlonkowstwo-skladki\/","title":{"rendered":"Sk\u0142adki  Cz\u0142onkostwo"},"content":{"rendered":"<h4 class=\"brz-tp-lg-paragraph brz-text-xs-center brz-text-lg-justify brz-css-d18zq\" data-generated-css=\"brz-css-wximd\" data-uniq-id=\"bwjug\"><span class=\"brz-cp-color2\">PTTK rozwija i\u00a0upowszechnia krajoznawstwo i\u00a0turystyk\u0119 kwalifikowan\u0105 we\u00a0wszystkich jej\u00a0formach. Najbardziej popularne dyscypliny turystyki kwalifikowanej to\u00a0turystyka: g\u00f3rska, piesza, kajakowa, \u017ceglarska, kolarska, motorowa i\u00a0narciarska.<\/span><\/h4>\n<h4 class=\"brz-text-xs-center brz-text-lg-justify brz-ft-google brz-fs-lg-15 brz-fss-lg-px brz-fw-lg-400 brz-ls-lg-0 brz-lh-lg-1_5 brz-tp-lg-empty brz-ff-ubuntu brz-css-fD_Xe\" data-generated-css=\"brz-css-ortxw\" data-uniq-id=\"idoha\"><span class=\"brz-cp-color2\">Towarzystwo wypracowa\u0142o i\u00a0upowszechni\u0142o krajoznawczy program turystyki zwi\u0105zany z\u00a0poznawaniem Ojczyzny, ochron\u0105 przyrody, krajobrazu i\u00a0zabytk\u00f3w. Stwarza warunki u\u0142atwiaj\u0105ce turystom i\u00a0krajoznawcom w\u0119drowanie po\u00a0kraju i\u00a0za\u00a0granic\u0105 \u2013 pomaga w\u00a0w\u0119drowaniu indywidualnym. Towarzystwo stworzy\u0142o i\u00a0upowszechnia system odznak turystyki kwalifikowanej s\u0142u\u017c\u0105cy rozwojowi zainteresowania r\u00f3\u017cnymi formami turystyki i\u00a0krajoznawstwa. PTTK popularyzuje wiedz\u0119 o\u00a0najbardziej atrakcyjnych turystycznie regionach Polski oraz\u00a0promuje w\u00a0kraju i\u00a0zagranic\u0105 polski produkt turystyczny \u2013 turystyk\u0119 aktywn\u0105.<\/span><\/h4>\n<h4 style=\"text-align: center;\"><a href=\"https:\/\/gorzow.pttk.pl\/wp-content\/uploads\/2026\/04\/Deklaracja-czlonka-zwyczajnego-PTTK.pdf\" target=\"_blank\" rel=\"noopener\">Deklaracja cz\u0142onka zwyczajnego PTTK<\/a><\/h4>\n<h4 style=\"text-align: center;\"><a class=\"link--upload\" href=\"https:\/\/pttk.pl\/wp-content\/uploads\/2023\/12\/z_sg_8_2023_z2_1.docx\" target=\"_blank\" rel=\"noopener\" data-brz-link-type=\"upload\">Klauzula informacyjna dla cz\u0142onk\u00f3w PTTK<\/a><\/h4>\n<h4 style=\"text-align: center;\"><a href=\"https:\/\/gorzow.pttk.pl\/wp-content\/uploads\/2026\/04\/Statut_PTTK_jednolity.pdf\" target=\"_blank\" rel=\"noopener\">Statut PTTK<\/a><\/h4>\n<h4 style=\"text-align: center;\">Do wst\u0105pienia do PTTK potrzebne jest zdj\u0119cie do legitymacji, dokumenty (deklaracja cz\u0142onkowska, informacja RODO- mo\u017cna wype\u0142ni\u0107 na miejscu w oddziale). Opr\u00f3cz zdj\u0119cia i wype\u0142nionych dokument\u00f3w konieczne jest op\u0142acenie sk\u0142adki cz\u0142onkowskiej oraz wpisowego wskazanej w Uchwale ZG PTTK.<\/h4>\n<p style=\"text-align: center;\">\n<h4 style=\"text-align: center;\"><span style=\"color: #3db020;\"><strong>Ustala si\u0119 wysoko\u015b\u0107 sk\u0142adki obowi\u0105zuj\u0105cej cz\u0142onk\u00f3w zwyczajnych PTTK w 2026 roku:<\/strong><\/span><\/h4>\n<h4 style=\"text-align: center;\"><\/h4>\n<h4><span style=\"color: #3db020;\"><strong>1) 90,00 z\u0142 dla os\u00f3b op\u0142acaj\u0105cych sk\u0142adk\u0119 normaln\u0105,<\/strong><\/span><\/h4>\n<h4><span style=\"color: #3db020;\"><strong>2) 60,00 z\u0142 dla os\u00f3b op\u0142acaj\u0105cych sk\u0142adk\u0119 ulgow\u0105,<\/strong><\/span><\/h4>\n<h4><span style=\"color: #3db020;\"><strong>3) 40,00 z\u0142 dla os\u00f3b op\u0142acaj\u0105cych sk\u0142adk\u0119 ulgow\u0105 m\u0142odzie\u017cow\u0105.<\/strong><\/span><\/h4>\n<h4 style=\"text-align: center;\"><span style=\"color: #3db020;\"><strong>\u00a0<\/strong><\/span><\/h4>\n<h4 style=\"text-align: center;\"><span style=\"color: #3db020;\"><strong>Ustala si\u0119 wysoko\u015b\u0107 wpisowego do PTTK w 2026 roku w nast\u0119puj\u0105cych wysoko\u015bciach:<\/strong><\/span><\/h4>\n<h4 style=\"text-align: center;\"><span style=\"color: #3db020;\"><strong>\u00a0<\/strong><\/span><\/h4>\n<h4><span style=\"color: #3db020;\"><strong>1) 30,00 z\u0142 dla os\u00f3b op\u0142acaj\u0105cych sk\u0142adk\u0119 normaln\u0105,<\/strong><\/span><\/h4>\n<h4><span style=\"color: #3db020;\"><strong>2) 20,00 z\u0142 dla os\u00f3b op\u0142acaj\u0105cych sk\u0142adk\u0119 ulgow\u0105,<\/strong><\/span><\/h4>\n<h4><span style=\"color: #3db020;\"><strong>3) 15,00 z\u0142 dla os\u00f3b op\u0142acaj\u0105cych sk\u0142adk\u0119 ulgow\u0105 m\u0142odzie\u017cow\u0105.<\/strong><\/span><\/h4>\n","protected":false},"excerpt":{"rendered":"<p>PTTK rozwija i\u00a0upowszechnia krajoznawstwo i\u00a0turystyk\u0119 kwalifikowan\u0105 we\u00a0wszystkich jej\u00a0formach. Najbardziej popularne dyscypliny turystyki kwalifikowanej to\u00a0turystyka: g\u00f3rska, piesza, kajakowa, \u017ceglarska, kolarska, motorowa i\u00a0narciarska. Towarzystwo wypracowa\u0142o i\u00a0upowszechni\u0142o krajoznawczy &hellip;<\/p>\n","protected":false},"author":1,"featured_media":0,"parent":0,"menu_order":0,"comment_status":"closed","ping_status":"closed","template":"","meta":{"footnotes":""},"class_list":["post-419","page","type-page","status-publish","hentry"],"_links":{"self":[{"href":"https:\/\/gorzow.pttk.pl\/index.php\/wp-json\/wp\/v2\/pages\/419","targetHints":{"allow":["GET"]}}],"collection":[{"href":"https:\/\/gorzow.pttk.pl\/index.php\/wp-json\/wp\/v2\/pages"}],"about":[{"href":"https:\/\/gorzow.pttk.pl\/index.php\/wp-json\/wp\/v2\/types\/page"}],"author":[{"embeddable":true,"href":"https:\/\/gorzow.pttk.pl\/index.php\/wp-json\/wp\/v2\/users\/1"}],"replies":[{"embeddable":true,"href":"https:\/\/gorzow.pttk.pl\/index.php\/wp-json\/wp\/v2\/comments?post=419"}],"version-history":[{"count":19,"href":"https:\/\/gorzow.pttk.pl\/index.php\/wp-json\/wp\/v2\/pages\/419\/revisions"}],"predecessor-version":[{"id":606,"href":"https:\/\/gorzow.pttk.pl\/index.php\/wp-json\/wp\/v2\/pages\/419\/revisions\/606"}],"wp:attachment":[{"href":"https:\/\/gorzow.pttk.pl\/index.php\/wp-json\/wp\/v2\/media?parent=419"}],"curies":[{"name":"wp","href":"https:\/\/api.w.org\/{rel}","templated":true}]}}